 -2*c + 3*d + 2, 0 = 7*d - 2*d. Let j(u) = u**3 - 2*u + 1. Let n be j(c). Suppose n = w - 4 - 7. What is the units digit of w?
1
Let c = -4 - -4. Let p be -3 + (c - (-5 + 1)). What is the units digit of (-2)/(p*(-2)/8)?
8
Let k = 46 - 24. What is the tens digit of k?
2
Suppose -9*m + 512 + 109 = 0. What is the tens digit of m?
6
Suppose 20 = a + 4*a. Suppose 0 = -d - a*c + 13, 0*d + 3*c + 4 = 2*d. Suppose 24 = 9*h - d*h. What is the units digit of h?
6
Let u be (-7)/(-7) + 25 + -2. Suppose -4*p - o + 22 + 14 = 0, 4*p = 2*o + u. What is the units digit of p?
8
Let p(z) = 5*z - 1. Let c be p(1). Suppose 2*h - 38 = c*h. What is the units digit of 12/(-30)*(h + -1)?
8
Suppose 0 = -5*l - 2*k + 176, -2*l + 2*k + 70 = 8. What is the units digit of l?
4
Let s(p) = p - 5. Let h be (1 - -1) + 12/2. Let q be s(h). Suppose -2*y - q + 17 = 0. What is the units digit of y?
7
Let b(t) = 9*t + 13. Let o(s) = -3*s - 4. Let c(p) = -2*b(p) - 7*o(p). What is the tens digit of c(5)?
1
Let s = 8 - 5. Let j be s*(0 - (-2 + 3)). What is the units digit of (-2)/1 + 3 - j?
4
Suppose 0 = -4*m + 71 + 1. What is the tens digit of m?
1
Suppose p + 8 = -p. What is the tens digit of (18*1)/((-6)/p)?
1
Let s(d) = -d**2 + 2*d + 2. Suppose -2*y - 2 = -3*y. What is the units digit of s(y)?
2
Suppose 0 = -4*v + a + 2, -3*v + a + 1 = -0*v. What is the units digit of v?
1
Suppose 0 = 2*q + g - 7 - 2, 6 = -2*q + 2*g. Suppose -2*z + 18 = -q*o, -5*z + o + 53 = -0*o. What is the tens digit of z?
1
Suppose -2*y + y + 2 = 0. What is the units digit of y?
2
Let u = 2 + 0. Suppose d - u - 2 = 0. What is the units digit of d?
4
Let f be -3*(-3)/(-9)*-5. Let w(b) = 5*b - b - 2*b - 6. What is the units digit of w(f)?
4
What is the tens digit of (-5)/((-15)/(-4) - 4)?
2
Let b be (-198)/(-4) - 3/6. Suppose 0 = -2*g + 4*k + 42, b = 3*g - k + 2*k. What is the tens digit of g?
1
Let c(g) = -g**3 + 7*g**2 - 5*g - 2. Let h be c(6). Suppose l - 89 = -h*d, -d - 9 = 2*l - 40. What is the units digit of d?
1
Suppose -25*m + 23*m = -266. What is the tens digit of m?
3
Let d(p) = -p**2 - p. Let u be d(0). Suppose -5*w + 120 - 35 = u. Let y = w + -12. What is the units digit of y?
5
Suppose 13 = -4*w + 1, -5*w = o - 378. What is the units digit of o?
3
Suppose 0 = v - 4*c - 3, c = -4*v - c + 12. Suppose 2*r - 12 - 20 = x, 0 = -2*r - 5*x + 44. Let n = r - v. What is the tens digit of n?
1
Let w = 5 - 2. Suppose -3*q = w - 42. What is the tens digit of q?
1
Let x(c) be the second derivative of c**3 + 0 + 1/20*c**5 - 7/12*c**4 - c + 5/2*c**2. What is the units digit of x(6)?
5
Suppose -2*c + b = -83, -4*b + 4 = -0*b. What is the tens digit of c?
4
Let o = 9 - -14. What is the units digit of o?
3
Suppose 0 = 2*p + 3 - 5. Let h(j) = -2*j - p + 2 - 2. What is the units digit of h(-2)?
3
Let n = -10 + 14. Suppose -16 + n = 3*c. What is the units digit of (1/2)/((-2)/c)?
1
Let z = 15 - 64. Let n = z + 80. Let g = -15 + n. What is the units digit of g?
6
Let d = -285 + 68. Let g = -154 - d. What is the units digit of (g/28)/(1/4)?
9
Let d be 1/5 + 2/(-10). Let z(j) = -1 + d + j**2 - 1 - 3*j + 0*j**2. What is the units digit of z(4)?
2
What is the tens digit of (33/(-2))/(27/(-90))?
5
Let p = -38 + 68. Suppose 0 = -2*z - 12 + p. What is the units digit of z?
9
Suppose -5*d = 4*r - 7*r + 575, -5*r + 4*d + 954 = 0. What is the units digit of r?
0
Suppose 189 = 2*z + 1. What is the units digit of z?
4
Let z = 3 + -1. What is the units digit of 4/(-8)*-1*z?
1
Let k(m) = -m**3 + 5*m**2 + 7*m - 5. Let r be k(6). Let y = 4 + r. Suppose -3 = -2*f + y. What is the units digit of f?
4
Let z(p) = p**3 + p**2 - 4*p + 3. Let c be z(2). Let b = 18 - c. What is the tens digit of b?
1
Suppose 0 = -5*t + 9 + 1. Suppose -5*b = 5*p - 35, 0*p = t*b + 5*p - 29. What is the units digit of b?
2
Suppose c - 17 = -h + 3*h, c + h - 11 = 0. Let x be (-1)/(-2) - (-3)/(-6). Suppose -3*f + c - 4 = x. What is the units digit of f?
3
Suppose -65 = u - 381. What is the tens digit of u?
1
Suppose 5*j = -3 + 23. Suppose 2*q + 4*a = a - 11, j*a = -20. What is the units digit of ((-3)/q)/(4/(-8))?
3
Let j be ((-20)/8)/((-2)/4). Suppose -21 = -2*g - 2*g - 5*l, 0 = -j*l + 25. What is the tens digit of (-265)/(-20) + g/4?
1
What is the units digit of ((-60)/14)/(4/112*-2)?
0
Let a = 19 - 26. Let w(k) = -k**2 + k. Let z(x) = -x**3 - x - 4. Let v(f) = 6*w(f) + z(f). What is the units digit of v(a)?
0
Let b = 177 + -101. What is the units digit of b?
6
Let v(n) = 5*n**3 - n**2 - n + 1. Let x(c) = -c**2 + 4*c - 3. Let z be x(2). What is the units digit of v(z)?
4
Let w be (2 + -8)/((-5)/70). Suppose -2*a + 4*r + 72 = 0, 2*a + 4*r = -2*a + w. What is the tens digit of a?
2
Suppose 0 = -3*x - b + 344, 3*b = -5*x - 121 + 693. What is the units digit of x?
5
Let g(x) = x**3 + 4*x**2 - 7*x - 6. What is the units digit of g(-4)?
2
Let s(q) = q**3 + 20*q**2 - q + 4. Let j be s(-20). Let c(t) = t**2 - t + 3. Let d be c(0). Suppose 3*l + j = 5*m - 2*m, 0 = -d*l. What is the units digit of m?
8
Let s(v) = v**2 + 6*v - 8. Let t be s(-8). Suppose 10 - 4 = 4*c - d, -2*d + t = 2*c. What is the units digit of c?
2
Let w(s) be the third derivative of 1/120*s**6 + s**3 + 7/60*s**5 + 0*s + 0 - 2*s**2 - 1/3*s**4. What is the units digit of w(-8)?
6
Suppose -5*b - 9 = 6, -4*u + 50 = 2*b. What is the tens digit of u?
1
Suppose 8*w = 13*w - 185. Let r = -23 + w. What is the units digit of r?
4
Suppose -3*x - 2*x + 1903 = -2*u, 770 = 2*x - 3*u. What is the hundreds digit of x?
3
What is the units digit of (-10 - -15) + (1 - 0)?
6
Suppose -5*u - 626 = -4*m, -5*m = -u + 4*u - 801. What is the tens digit of m?
5
Suppose -k - 7 = 1. Let r = 5 - k. What is the units digit of r?
3
Let b be 8*(0 + (-2)/(-4)). Suppose -y + 29 = -0*y. Suppose -5*r = b - y. What is the units digit of r?
5
Let q(f) = 9*f**2 + f + 2. Let r be q(-1). Suppose 9*x = r*x - 29. What is the tens digit of x?
2
Let g = 40 - 6. What is the units digit of g?
4
Let g(v) be the first derivative of v**3/3 - 5*v**2/2 + v + 2. Let c be g(6). Suppose -t = -i - 3*i + 13, c = i + t. What is the units digit of i?
4
Let j be 14/(-6) - (-2)/6. Let i be -2 - -2 - (j + -2). Suppose -2*o = -10, -i*r + 5*o = -1 - 2. What is the units digit of r?
7
Suppose -5*x - 4*a + 13 = -6, 3*x + 5*a - 1 = 0. Suppose -16 = -q + x. Suppose -4*o + q = 4*i - 1, 0 = -4*i + 12. What is the units digit of o?
3
Suppose 0 = -22*m + 18*m + 588. What is the units digit of m?
7
Let h(l) = l - 21*l - 3 + 2. Let k be h(-1). Let f = k + -12. What is the units digit of f?
7
Let l be (3 + -7)*(-1 - 1). Suppose -19 = -2*c + 3*d, -l - 42 = -4*c + 2*d. What is the units digit of c?
4
Let v = 16 - -12. Suppose 4*x - v = x + 5*m, 5*x - 24 = -3*m. What is the units digit of (52/(-6))/(x/(-9))?
3
Let v(i) be the third derivative of i**4/24 + i**3 + 4*i**2. What is the tens digit of v(12)?
1
Suppose -9 = -w + 4*g + 4, -3*w + 3*g + 21 = 0. Suppose -6 = -k - k, -5*x + 45 = w*k. What is the units digit of x?
6
Let m be 63/(-28) - 2/(-8). What is the units digit of m*4/((-16)/6)?
3
Let h(v) = -v**3 - 9*v**2 + v + 13. Let w be h(-9). Suppose -8 = -y + j - 2, w*y - 23 = 3*j. Suppose -y*t - 10 + 55 = 0. What is the units digit of t?
9
Suppose -2*n + 7*n = 180. What is the tens digit of n?
3
Let a(g) = -2*g. Let k = -7 + 6. What is the units digit of a(k)?
2
Suppose 0 = t - 2*b + 5, 5*t - b = 4*b. Suppose t*l + 2 - 27 = 0. What is the units digit of l?
5
Let y(s) = s**3 + 3*s**2 + s + 3. Let c be y(-3). Suppose -18 = -c*n - 3*n. What is the units digit of n?
6
Suppose 2*x + n = -2*n + 93, -n = 4*x - 171. Let k = 72 - x. What is the tens digit of k?
3
Let g(l) be the third derivative of 1/2*l**3 + 0 - 1/8*l**4 + 0*l - 3*l**2. What is the units digit of g(-3)?
2
Suppose -3*p - 4 + 10 = 0. Suppose p*f - 6 = 28. What is the tens digit of f?
1
Suppose 0 = -6*p + 915 + 81. What is the hundreds digit of p?
1
Let o be -6*(-3)/(-7 - -1). What is the units digit of 0*(o + 2) + 4?
4
Let h = 15 + -10. Suppose h*r - 190 = -40. What is the units digit of r?
0
Let u(w) = -w - 3 + 6 + 2. What is the units digit of u(3)?
2
Suppose 29 = t - 5*y, 0 = -3*t - 0*y + 3*y + 123. What is the tens digit of t?
4
Let u(i) = -i**2 - 3*i + 9. Let m be u(-5). Let x = 6 - m. What is the units digit of x?
7